
594
What is the greatest common factor of 354 and 7386328?
118
What is the highest common divisor of 276 and 4696?
4
What is the greatest common divisor of 83732 and 692?
692
What is the greatest common divisor of 2508 and 22044?
132
Calculate the greatest common divisor of 4841 and 1854.
103
What is the highest common divisor of 212550 and 260?
130
Calculate the highest common factor of 7857414 and 18.
18
Calculate the highest common divisor of 5537 and 1808.
113
What is the greatest common divisor of 6 and 3124710?
6
Calculate the greatest common divisor of 3811 and 13209.
37
Calculate the highest common divisor of 10422 and 1566.
54
Calculate the highest common factor of 54 and 4621.
1
What is the highest common factor of 33017 and 723?
241
What is the greatest common factor of 30 and 840120?
30
What is the highest common divisor of 44 and 7244?
4
Calculate the highest common divisor of 552 and 615112.
184
Calculate the greatest common divisor of 920 and 12742.
46
What is the highest common divisor of 980 and 15386?
98
What is the greatest common divisor of 46206 and 612?
306
What is the greatest common factor of 505134 and 633?
633
Calculate the highest common factor of 115104 and 72.
24
Calculate the highest common divisor of 110 and 73216.
22
What is the highest common factor of 17085 and 1110?
15
What is the greatest common divisor of 185 and 2896730?
185
What is the highest common factor of 39216 and 119472?
912
What is the highest common divisor of 159906 and 174?
174
What is the highest common factor of 10800 and 154620?
180
What is the greatest common factor of 23413 and 208?
13
Calculate the greatest common factor of 3685920 and 800.
160
Calculate the highest common factor of 3396 and 275642.
566
What is the greatest common divisor of 168300 and 30?
30
What is the highest common factor of 514077 and 698?
349
What is the highest common divisor of 9815 and 3782701?
1963
Calculate the greatest common factor of 93674 and 3.
1
What is the highest common divisor of 492359 and 259?
259
What is the highest common factor of 30 and 1029030?
30
What is the greatest common factor of 12932 and 14579?
61
What is the greatest common divisor of 2336 and 15424?
32
What is the greatest common factor of 1416 and 3144?
24
Calculate the highest common divisor of 1100 and 245564.
44
Calculate the highest common divisor of 170485 and 805.
35
What is the greatest common factor of 13328 and 1054?
34
Calculate the greatest common factor of 128081 and 1948.
487
What is the greatest common divisor of 2599 and 37536?
23
What is the highest common divisor of 261630 and 1134?
162
Calculate the highest common divisor of 133 and 7999.
19
Calculate the greatest common divisor of 390 and 14064.
6
Calculate the highest common divisor of 432 and 4563.
27
Calculate the greatest common factor of 352 and 5896.
88
What is the greatest common divisor of 1962 and 6?
6
What is the highest common factor of 1476088 and 8?
8
What is the greatest common factor of 60 and 802290?
30
What is the greatest common factor of 134849 and 2?
1
Calculate the highest common factor of 15890 and 10430.
70
What is the greatest common divisor of 6303 and 15280?
191
Calculate the highest common divisor of 8359 and 52.
13
Calculate the greatest common divisor of 1096144 and 560.
112
What is the greatest common factor of 17591 and 784?
49
Calculate the highest common divisor of 1894871 and 34.
17
Calculate the highest common divisor of 300 and 34032.
12
What is the highest common factor of 408 and 1759908?
204
What is the greatest common divisor of 486 and 31257?
9
What is the greatest common divisor of 83268 and 12?
12
What is the highest common divisor of 235 and 19223?
47
Calculate the highest common factor of 10920 and 8060.
260
Calculate the greatest common divisor of 87 and 52519.
29
What is the highest common factor of 521 and 1860491?
521
Calculate the highest common factor of 13143 and 5226.
39
Calculate the greatest common divisor of 55980 and 720.
180
Calculate the highest common factor of 19327332 and 38.
38
What is the highest common divisor of 1864 and 472?
8
Calculate the highest common divisor of 136612 and 2499.
833
What is the greatest common divisor of 3953 and 472?
59
What is the greatest common divisor of 2144 and 3283?
67
Calculate the greatest common divisor of 49482 and 72.
18
Calculate the highest common factor of 86 and 258.
86
What is the greatest common divisor of 67494 and 140?
14
What is the highest common divisor of 1236 and 4947090?
618
What is the greatest common factor of 60732 and 56?
28
What is the highest common divisor of 20 and 669880?
20
What is the greatest common divisor of 7818 and 600683?
1303
What is the highest common divisor of 16 and 4362896?
16
What is the greatest common factor of 338695 and 35?
35
Calculate the greatest common divisor of 125 and 981625.
125
What is the greatest common divisor of 5072 and 3056?
16
Calculate the greatest common divisor of 324 and 124.
4
Calculate the greatest common divisor of 205280 and 32.
32
What is the highest common divisor of 182 and 170443?
91
Calculate the greatest common factor of 102 and 100164.
102
What is the greatest common divisor of 380 and 16480?
20
Calculate the highest common divisor of 466 and 235563.
233
Calculate the highest common divisor of 78116 and 1357.
59
Calculate the greatest common factor of 1338 and 270.
6
What is the greatest common factor of 153161 and 1648?
103
Calculate the highest common divisor of 815541 and 102.
51
Calculate the greatest common factor of 771 and 7512.
3
What is the highest common factor of 163 and 183?
1
What is the highest common factor of 5208 and 408?
24
Calculate the highest common divisor of 34704 and 576.
144
What is the highest common divisor of 163 and 780607?
163
Calculate the highest common divisor of 2736 and 726864.
912
Calculate the highest common divisor of 44 and 6457.
11
What is the highest common divisor of 1518 and 22034?
46
Calculate the highest common factor of 1640 and 17180.
20
What is the greatest common factor of 25474 and 1897?
271
Calculate the greatest common divisor of 1020 and 65620.
340
What is the highest common factor of 2765 and 196105?
35
What is the greatest common divisor of 21074 and 82?
82
What is the greatest common divisor of 5776 and 472910?
722
Calculate the highest common factor of 336 and 195120.
48
What is the greatest common divisor of 18 and 474642?
18
Calculate the greatest common factor of 1900 and 19.
19
Calculate the highest common divisor of 27403 and 9407.
409
Calculate the highest common factor of 46908 and 16020.
36
Calculate the highest common divisor of 78504 and 16.
8
Calculate the greatest common divisor of 262371 and 57.
57
Calculate the highest common divisor of 1123551 and 273.
39
What is the highest common divisor of 16758 and 18563?
19
Calculate the highest common divisor of 63155 and 680.
85
Calculate the highest common factor of 116 and 1509044.
116
Calculate the highest common factor of 1290 and 4968435.
645
What is the highest common divisor of 2461 and 2354?
107
What is the greatest common factor of 471 and 181492?
157
What is the greatest common divisor of 49795 and 11615?
115
Calculate the highest common factor of 111 and 29193.
111
What is the highest common factor of 34576 and 124?
4
Calculate the highest common factor of 10576 and 24.
8
What is the highest common factor of 35 and 1620?
5
Calculate the greatest common factor of 15697 and 671.
11
What is the greatest common factor of 366 and 63501?
183
What is the highest common divisor of 15736 and 56?
56
What is the greatest common divisor of 2331126 and 756?
378
Calculate the greatest common divisor of 101993 and 87.
29
What is the highest common factor of 160008 and 5487?
177
What is the greatest common factor of 4784 and 4048?
368
Calculate the greatest common divisor of 89720 and 80.
40
What is the highest common divisor of 228 and 1379820?
12
Calculate the greatest common divisor of 1512 and 8.
8
What is the highest common factor of 1393 and 1687?
7
What is the highest common factor of 278 and 3127639?
139
What is the highest common factor of 826 and 1988?
14
What is the highest common factor of 18240 and 5415?
285
What is the h